r of u and 20?
10
Let d = -18 + 42. Suppose 0 = -2*p - 3*p - 4*t + d, -p + 5 = t. What is the highest common factor of 8 and p?
4
Let v(k) = -15*k**3 - k**2 + k - 1. Let p be v(-1). What is the greatest common factor of p and 48?
12
Let w(j) = j**2 + 28*j - 48. Let l be w(-30). What is the greatest common factor of l and 276?
12
Suppose -92 = -8*s - 20. Calculate the greatest common factor of 144 and s.
9
Let j(w) = -4*w**3 - 2*w**2 - 4*w - 3. Let v be j(-1). Suppose -v*h - 4*p + 79 = 0, p + 170 = 2*h + 3*h. Calculate the greatest common factor of h and 297.
33
Suppose -m + 1008 = -3*g, -15*m + 4*g = -16*m + 987. Calculate the highest common divisor of 27 and m.
27
Let s be 2*2 + 150/(-10). Let p = s - -22. Calculate the highest common factor of 11 and p.
11
Suppose -5*m = 4*z - 1816, -m - 5*z = -198 - 182. Let l be -3 + 45 + -3 + 1. Calculate the greatest common divisor of m and l.
40
Let n be (2/4)/(((-403)/(-780))/31). Calculate the highest common divisor of n and 50.
10
Let h(r) = r**2 + 9*r + 5. Let y be h(-9). Suppose 4 = 3*o - y. Suppose -2*x + 2*a + 50 = 0, -3 = -x + 4*a + 7. Calculate the highest common factor of x and o.
3
Let g be (-20)/(-6) - ((-112)/12)/14. Calculate the highest common factor of 252 and g.
4
Let f(i) = i**3 - 20*i**2 + 2*i - 27. Let k be f(20). What is the greatest common divisor of k and 91?
13
Suppose -12*d + 2655 + 5097 = 0. What is the greatest common divisor of 34 and d?
34
Let o(v) = 2*v**2 - 4. Suppose -3*w = 2*w + 15. Let f be o(w). Let z be (28/16)/7 + 1173/12. Calculate the greatest common factor of z and f.
14
Suppose 68*x = 73*x - 15. Suppose 4*k - 6 = -l, x*l + 5 - 50 = -3*k. Calculate the highest common divisor of l and 12.
6
Suppose -2*b = 4, -5*d - 4*b = 5 - 197. Let i = -28 + d. Calculate the greatest common divisor of i and 18.
6
Suppose z + 4*g + 231 = 674, -3*g = 5*z - 2266. What is the highest common factor of 35 and z?
35
Let l(x) = -2*x**2 + 23*x + 15. Let m be l(12). What is the greatest common factor of m and 57?
3
Let y(f) = f**3 - 10*f**2 + 4*f - 35. Let d be y(10). What is the highest common factor of 5 and d?
5
Let l be (-19)/((-912)/80)*(-72)/(-5). Let t be (-2)/(-4)*120/1. Calculate the greatest common factor of l and t.
12
Let v(o) = -o**2 + 49*o + 68. Let i be v(16). Calculate the highest common divisor of 149 and i.
149
Let x(n) = 21*n + 573. Let w be x(-15). Calculate the greatest common divisor of 18 and w.
6
Suppose 182*x + 5*b = 183*x - 12, -92 = -4*x - 2*b. What is the highest common factor of x and 1474?
22
Suppose 111 = 6*o - 117. Calculate the highest common factor of 247 and o.
19
Let a(y) = y**2 + 2. Let v be a(-1). Suppose 24 = v*p + 9. What is the highest common divisor of 10 and p?
5
Let b(a) = -a**3 - 8*a**2 - 8*a - 2. Suppose r - 2 + 10 = 4*q, 5*q - 13 = r. Let x = 5 - r. Let v be b(x). Calculate the greatest common divisor of v and 40.
5
Let j be 18/(-12)*(-2)/3 + -3. Let d(r) = 5*r**2 + 5*r + 4. Let l be d(j). What is the highest common divisor of l and 182?
14
Let u be (-3 - (-40)/12)/((-14)/(-2142)). Calculate the greatest common divisor of u and 731.
17
Let k(l) = -2*l**2 + 15*l - 12. Let w be k(6). What is the greatest common divisor of w and 66?
6
Let k(y) = 5*y - 5. Let d be k(7). Let w = -322 - -367. What is the greatest common divisor of w and d?
15
Let b = 2288 + -1608. Calculate the greatest common divisor of 80 and b.
40
Suppose k + 3*u = 42, 0*u + 3*u = 9. Calculate the highest common factor of 264 and k.
33
Let a = -51 - -158. Let y = -67 + a. Calculate the greatest common factor of 10 and y.
10
Let j be (-4)/22 + 180/22. Let f = -29 - -26. Let h(v) = -13*v - 7. Let z be h(f). Calculate the greatest common divisor of j and z.
8
Suppose 5*h = -2*q + 1, h - 2*q - 3 = -q. Let r be (-1 + 1 + -3)*h. Let g be 12*1/(r/(-50)). What is the highest common divisor of g and 25?
25
Suppose 4*y = 2*x + 9*y - 368, -3*x + 4*y + 506 = 0. Let u = -97 + x. What is the highest common factor of 11 and u?
11
Let s = 189 - 150. Calculate the highest common factor of 234 and s.
39
Let u(m) = m**2 + 7*m - 252. Let g be u(14). What is the greatest common divisor of g and 238?
14
Let v be 112/35 + 8/10. Calculate the greatest common factor of v and 5.
1
Suppose 8*i = 144 + 352. Calculate the highest common divisor of 558 and i.
62
Suppose -2*c = -4*y - 450, c - 225 = -0*c - 2*y. Calculate the highest common factor of 60 and c.
15
Let o(v) = v**3 + 8*v**2 + 2*v + 12. Let g be o(-6). What is the highest common factor of g and 36?
36
Suppose 5*a = 5*f - 10, -2*f + 2*a = 4*a + 12. Let y = 7 - 5. Let q be y - (1 + -1)/f. What is the greatest common factor of q and 6?
2
Let y(d) be the first derivative of -5*d + d**3 + 3/2*d**2 - 4. Let v be y(4). Calculate the highest common divisor of 11 and v.
11
Let l = -8 - 1. Let h be (-391)/(-3) - (-3)/l. Let u(o) = -2*o**3 - 4*o**2 + 8. Let k be u(-3). What is the highest common divisor of k and h?
26
Suppose -5*q + 3 = -3*k, -3*k + 2*q + 3 + 3 = 0. Let s = 18 - k. Suppose 4*p - 3*p = 42. Calculate the greatest common divisor of p and s.
14
Let v be 399/6 + 4/8. What is the highest common divisor of v and 737?
67
Let b be 1*(-4)/(-4)*0. Suppose 3*d + 0*d + 3 = b. Let j be (1/(-2))/(d/50). What is the greatest common divisor of 5 and j?
5
Suppose -9*q + 63 = -5985. Calculate the highest common divisor of 21 and q.
21
Suppose -2*n - 2*n - 12 = 0. Let b = n - -5. Suppose 0 = d + b*d - 15. What is the highest common divisor of 55 and d?
5
Let f = 39 - 37. Let h be (-32)/(-10)*5/f. What is the greatest common divisor of h and 32?
8
Suppose 2*c - 24 - 612 = -2*k, 957 = 3*c + 4*k. Calculate the greatest common factor of 126 and c.
63
Let v(n) = -3*n + 79. Let p be v(-14). What is the greatest common divisor of 121 and p?
121
Suppose 0 = t - 2. Suppose -2*c = -7*c + t*j + 101, 0 = -2*c - j + 44. Let b = 19 + c. Calculate the greatest common divisor of 100 and b.
20
Let c(p) = p**2 + 28*p + 209. Let f be c(0). What is the greatest common factor of 38 and f?
19
Suppose w = 6 + 18. What is the highest common factor of 6 and w?
6
Let y be (-2)/(4/7)*-14. Let l be 3 + (-17)/5 - 111/(-15). What is the greatest common divisor of l and y?
7
Suppose 3*d - 168 = 4*s, 7*s = d + 5*s - 54. Let v be (-4)/(((-14)/24)/7). Calculate the greatest common factor of d and v.
12
Let w(g) = 3*g**2 - 11*g - 85. Let t be w(-5). Calculate the highest common factor of t and 27.
9
Suppose -s = -6*s + 375. Suppose 4*x - s = -23. What is the highest common divisor of x and 78?
13
Let s(i) = 12*i**2 + 9*i - 70. Let u be s(6). What is the highest common divisor of 2 and u?
2
Suppose -j - 3*t = -90, -15*t + 3 = -16*t. Calculate the highest common divisor of j and 9.
9
Let d(f) = -13*f + 5. Let r be d(-4). Let c = 67 + 9. Calculate the highest common factor of r and c.
19
Let z be (-3)/((-9)/(-3)) + -21 + -2. Let w = 37 + z. What is the highest common divisor of w and 104?
13
Let w = -11 + 14. Suppose -4*l - 70 = 3*t, 2*l = -2*t + w*l - 65. Let d = -15 - t. Calculate the highest common divisor of 120 and d.
15
Let r be 64/(-24)*564/8. Let q = 377 + r. Calculate the greatest common divisor of 21 and q.
21
Let g(s) = 78*s**2 - 9*s - 8. Let n be g(-2). Calculate the greatest common divisor of 28 and n.
14
Suppose -j = -3*j, w - j = 46. Let g be 4*6/12 + w. Calculate the highest common factor of 24 and g.
24
Let f = -121 - -82. Let q be (-570)/(-13) + (-6)/f. Calculate the greatest common factor of q and 110.
22
Let f be (-6)/(-4)*(-150)/45. Let l be (10/f)/((-4)/8). Suppose 3*b - 101 = 5*i, -127 = -l*b - 2*i + i. What is the greatest common divisor of b and 224?
32
Let a = -139 - -202. Suppose -10*b + 12*b - 42 = 0. What is the highest common factor of b and a?
21
Let d = -53 - -55. What is the greatest common divisor of d and 113?
1
Let f = 79 + -53. Suppose 0 = f*n - 30*n + 24. What is the highest common factor of n and 6?
6
Let g = 13082 + -13071. Let v be -1 + 4*(26 + -1). Calculate the greatest common factor of v and g.
11
Let x = -790 + 808. Calculate the highest common divisor of 48 and x.
6
Let v be -1 + 1 - (25 - -2). Let w = 29 + v. Suppose 2*f + 0*f - 12 = 0. Calculate the greatest common factor of f and w.
2
Let b = -245 + 268. What is the highest common divisor of b an